it of 3404?
0
What is the hundreds digit of 3387?
3
What is the thousands digit of 33057?
3
What is the tens digit of 10?
1
What is the thousands digit of 57104?
7
What is the units digit of 2106?
6
What is the units digit of 2536?
6
What is the thousands digit of 11240?
1
What is the thousands digit of 8940?
8
What is the tens digit of 423?
2
What is the tens digit of 6716?
1
What is the tens digit of 30?
3
What is the units digit of 853?
3
What is the hundreds digit of 51732?
7
What is the hundreds digit of 8537?
5
What is the hundreds digit of 1609?
6
What is the thousands digit of 135560?
5
What is the ten thousands digit of 12879?
1
What is the units digit of 29377?
7
What is the thousands digit of 68573?
8
What is the tens digit of 89625?
2
What is the tens digit of 991?
9
What is the units digit of 27?
7
What is the tens digit of 2484?
8
What is the hundreds digit of 54226?
2
What is the units digit of 29088?
8
What is the tens digit of 78?
7
What is the units digit of 295?
5
What is the hundreds digit of 3840?
8
What is the hundreds digit of 21151?
1
What is the units digit of 8358?
8
What is the units digit of 63638?
8
What is the tens digit of 139?
3
What is the tens digit of 5154?
5
What is the tens digit of 166?
6
What is the ten thousands digit of 20648?
2
What is the thousands digit of 1252?
1
What is the ten thousands digit of 104269?
0
What is the thousands digit of 2640?
2
What is the tens digit of 30685?
8
What is the thousands digit of 17115?
7
What is the tens digit of 1231?
3
What is the hundreds digit of 354?
3
What is the thousands digit of 4918?
4
What is the hundreds digit of 34405?
4
What is the units digit of 3514?
4
What is the hundreds digit of 6826?
8
What is the tens digit of 795?
9
What is the ten thousands digit of 27385?
2
What is the units digit of 492?
2
What is the units digit of 40970?
0
What is the tens digit of 71?
7
What is the thousands digit of 4863?
4
What is the thousands digit of 4022?
4
What is the tens digit of 25173?
7
What is the ten thousands digit of 54278?
5
What is the ten thousands digit of 14124?
1
What is the hundreds digit of 7201?
2
What is the units digit of 22659?
9
What is the units digit of 7896?
6
What is the hundreds digit of 963?
9
What is the hundreds digit of 3803?
8
What is the ten thousands digit of 22604?
2
What is the tens digit of 723?
2
What is the thousands digit of 1085?
1
What is the hundreds digit of 23153?
1
What is the ten thousands digit of 38807?
3
What is the tens digit of 37500?
0
What is the tens digit of 59972?
7
What is the tens digit of 266?
6
What is the hundreds digit of 51077?
0
What is the ten thousands digit of 33265?
3
What is the units digit of 7194?
4
What is the tens digit of 660?
6
What is the thousands digit of 6881?
6
What is the hundreds digit of 830?
8
What is the units digit of 12486?
6
What is the hundreds digit of 1296?
2
What is the hundreds digit of 5174?
1
What is the units digit of 5306?
6
What is the tens digit of 38022?
2
What is the thousands digit of 2780?
2
What is the units digit of 22643?
3
What is the tens digit of 10827?
2
What is the units digit of 1029?
9
What is the units digit of 762?
2
What is the thousands digit of 16293?
6
What is the units digit of 38194?
4
What is the thousands digit of 9285?
9
What is the ten thousands digit of 16800?
1
What is the tens digit of 368?
6
What is the hundreds digit of 981?
9
What is the tens digit of 199?
9
What is the ten thousands digit of 22580?
2
What is the units digit of 3771?
1
What is the tens digit of 6014?
1
What is the tens digit of 18124?
2
What is the hundreds digit of 523?
5
What is the ten thousands digit of 27078?
2
What is the tens digit of 8672?
7
What is the tens digit of 138?
3
What is the ten thousands digit of 15060?
1
What is the hundreds digit of 15032?
0
What is the units digit of 19380?
0
What is the units digit of 1583?
3
What is the tens digit of 2304?
0
What is the units digit of 9084?
4
What is the hundreds digit of 928?
9
What is the thousands digit of 3873?
3
What is the ten thousands digit of 109928?
0
What is the thousands digit of 1109?
1
What is the thousands digit of 1742?
1
What is the tens digit of 3944?
4
What is the units digit of 1756?
6
What is the thousands digit of 6181?
6
What is the hundred thousands digit of 147906?
1
What is the thousands digit of 7011?
7
What is the hundreds digit of 80833?
8
What is the tens digit of 5533?
3
What is the hundreds digit of 689?
6
What is the units digit of 3023?
3
What is the thousands digit of 21467?
1
What is the units digit of 109997?
7
What is the thousands digit of 6320?
6
What is the hundreds digit of 36295?
2
What is the hundreds digit of 439?
4
What is the tens digit of 9716?
1
What is the hundreds digit of 10260?
2
What is the hundreds digit of 7080?
0
What is the units digit of 84?
4
What is the thousands digit of 3450?
3
What is the hundreds digit of 4394?
3
What is the tens digit of 276?
7
What is the hundreds digit of 219?
2
What is the hundreds digit of 324?
3
What is the hundred thousands digit of 134044?
1
What is the tens digit of 612?
1
What is the hundreds digit of 477?
4
What is the thousands digit of 2914?
2
What is the ten thousands digit of 13902?
1
What is the thousands digit of 6465?
6
What is the tens digit of 27199?
9
What is the thousands digit of 3641?
3
What is the tens digit of 1265?
6
What is the hundreds digit of 1545?
5
What is the hundreds digit of 4110?
1
What is the tens digit of 6081?
8
What is the hundreds digit of 4587?
5
What is the hundreds digit of 4302?
3
What is the thousands digit of 3311?
3
What is the units digit of 22579?
9
What is the units digit of 17683?
3
What is the units digit of 1027?
7
What is the thousands digit of 5744?
5
What is the units digit of 309?
9
What is the ten thousands digit of 76297?
7
What is the units digit of 17469?
9
What is the tens digit of 17956?
5
What is the tens digit of 19043?
4
What is the thousands digit of 31072?
1
What is the thousands digit of 7542?
7
What is the units digit of 14787?
7
What is the thousands digit of 6622?
6
What is the hundreds digit of 983?
9
What is the hundreds digit of 2368?
3
What is the hundreds digit of 2152?
1
What is the ten thousands digit of 146058?
4
What is the hundreds digit of 1029?
0
What is the tens digit of 3673?
7
What is the units digit of 1653?
3
What is the tens digit of 81959?
5
What is the hundred thousands digit of 144893?
1
What is the tens digit of 58?
5
What is the tens digit of 828?
2
What is the hundreds digit of 702?
7
What is the thousands digit of 105998?
5
What is the hundreds digit of 2279?
2
What is the units digit of 23453?
3
What is the tens digit of 3379?
7
What is the hundreds digit of 161624?
6
What is the tens digit of 131101?
0
What is the units digit of 2604?
4
What is the hundreds digit of 25073?
0
What is the tens digit of 6318?
1
What is the hundreds digit of 3610?
6
What is the tens digit of 6350?
5
What is the tens digit of 2229?
2
What is the tens digit of 13?
1
What is the ten thousands digit of 28202?
2
What is the hundreds digit of 845?
8
What is the hundreds digit of 33275?
2
What is the units digit of 1815?
5
What is the hundreds digit of 11178?
1
What is the hundreds digit of 2727?
7
What is the hundreds digit of 2076?
0
What is the tens digit of 1236?
3
What is the hundreds digit of 2443?
4
What is the hundreds digit of 69348?
3
What is the units digit of 28488?
8
What is the tens digit of 439?
3
What is the thousands digit of 7061?
7
What is the tens digit of 50270?
7
What is the thousands digit of 2376?
2
What is the tens digit of 11498?
9
What is the tens digit of 1008?
0
What is the tens digit of 2197?
9
What is the tens digit of 4899?
9
What is the thousands digit of 16028?
6
What is the hundreds digit of 4776?
7
What is the hundreds digit of 200?
2
What is the tens digit of 17848?
4
What is the tens digit of 20561?
6
What is the tens digit of 2805?
0
What is the ten thousands digit of 38446?
3
What is the tens digit of 24?
2
What is the hundreds digit of 9038?
0
What is the ten thousands digit of 76480?
7
What is the tens digit of 1480?
8
What is the tens digit of 52?
5
What is the tens digit of 12875?
7
What is the thousands digit of 